{"id":14,"date":"2019-10-08T07:27:21","date_gmt":"2019-10-08T07:27:21","guid":{"rendered":"http:\/\/scheie.de\/?page_id=14"},"modified":"2025-04-18T08:16:41","modified_gmt":"2025-04-18T06:16:41","slug":"trachtengruppe","status":"publish","type":"page","link":"https:\/\/scheie.de\/?page_id=14","title":{"rendered":"Trachtengruppe"},"content":{"rendered":"\t\t<div data-elementor-type=\"wp-page\" data-elementor-id=\"14\" class=\"elementor elementor-14\">\n\t\t\t\t\t\t<section class=\"elementor-section elementor-top-section elementor-element elementor-element-b2676d7 elementor-section-boxed elementor-section-height-default elementor-section-height-default\" data-id=\"b2676d7\" data-element_type=\"section\" data-e-type=\"section\">\n\t\t\t\t\t\t<div class=\"elementor-container elementor-column-gap-default\">\n\t\t\t\t\t<div class=\"elementor-column elementor-col-100 elementor-top-column elementor-element elementor-element-8e7facb\" data-id=\"8e7facb\" data-element_type=\"column\" data-e-type=\"column\">\n\t\t\t<div class=\"elementor-widget-wrap elementor-element-populated\">\n\t\t\t\t\t\t<div class=\"elementor-element elementor-element-20c9c80 elementor-widget elementor-widget-heading\" data-id=\"20c9c80\" data-element_type=\"widget\" data-e-type=\"widget\" data-widget_type=\"heading.default\">\n\t\t\t\t<div class=\"elementor-widget-container\">\n\t\t\t\t\t<h2 class=\"elementor-heading-title elementor-size-large\">Trachtengruppe von 1974 e.V.<\/h2>\t\t\t\t<\/div>\n\t\t\t\t<\/div>\n\t\t\t\t\t<\/div>\n\t\t<\/div>\n\t\t\t\t\t<\/div>\n\t\t<\/section>\n\t\t\t\t<section class=\"elementor-section elementor-top-section elementor-element elementor-element-c2bc12d elementor-section-boxed elementor-section-height-default elementor-section-height-default\" data-id=\"c2bc12d\" data-element_type=\"section\" data-e-type=\"section\">\n\t\t\t\t\t\t<div class=\"elementor-container elementor-column-gap-default\">\n\t\t\t\t\t<div class=\"elementor-column elementor-col-100 elementor-top-column elementor-element elementor-element-fe56dd8\" data-id=\"fe56dd8\" data-element_type=\"column\" data-e-type=\"column\">\n\t\t\t<div class=\"elementor-widget-wrap elementor-element-populated\">\n\t\t\t\t\t\t<div class=\"elementor-element elementor-element-3b511a0 elementor-widget elementor-widget-text-editor\" data-id=\"3b511a0\" data-element_type=\"widget\" data-e-type=\"widget\" data-widget_type=\"text-editor.default\">\n\t\t\t\t<div class=\"elementor-widget-container\">\n\t\t\t\t\t\t\t\t\t<p>Ausschlaggebend f\u00fcr die Gr\u00fcndung der Trachtengruppe war, dass die \u00e4lteren Dorfbewohner kein Interesse mehr hatten, ein Erntefest in Scheie auszurichten. Sie holten sich im Jahr 1973 einige junge T\u00e4nzer und T\u00e4nzerinnen hinzu. Dieses Erntefest wurde ein voller Erfolg. Anfang 1974 wurde dann die Trachtengruppe Scheie von 22 Jugendlichen gegr\u00fcndet und besteht jetzt aus rund 150 Mitgliedern. Ge\u00fcbt wurde jeden Mittwochabend auf einer alten Scheunendiele. Die Tracht bestand am Anfang bei den Jungen aus einer langen schwarzen Hose, wei\u00dfem Hemd, Leinenkittel und einem roten Halstuch. Die M\u00e4dchen \u00fcbernahmen die vollst\u00e4ndige Bauerntracht ihrer Vorfahren. Neben einem geringen Mitgliederbeitrag wurde das finanzielle Budget durch Altpapiersammlungen aufgebessert.<\/p>\t\t\t\t\t\t\t\t<\/div>\n\t\t\t\t<\/div>\n\t\t\t\t\t<\/div>\n\t\t<\/div>\n\t\t\t\t\t<\/div>\n\t\t<\/section>\n\t\t\t\t<section class=\"elementor-section elementor-top-section elementor-element elementor-element-10bb121 elementor-section-boxed elementor-section-height-default elementor-section-height-default\" data-id=\"10bb121\" data-element_type=\"section\" data-e-type=\"section\">\n\t\t\t\t\t\t<div class=\"elementor-container elementor-column-gap-default\">\n\t\t\t\t\t<div class=\"elementor-column elementor-col-100 elementor-top-column elementor-element elementor-element-f11811f\" data-id=\"f11811f\" data-element_type=\"column\" data-e-type=\"column\">\n\t\t\t<div class=\"elementor-widget-wrap elementor-element-populated\">\n\t\t\t\t\t\t<div class=\"elementor-element elementor-element-a708fea elementor-arrows-position-inside elementor-pagination-position-outside elementor-widget elementor-widget-image-carousel\" data-id=\"a708fea\" data-element_type=\"widget\" data-e-type=\"widget\" data-settings=\"{&quot;navigation&quot;:&quot;both&quot;,&quot;autoplay&quot;:&quot;yes&quot;,&quot;pause_on_hover&quot;:&quot;yes&quot;,&quot;pause_on_interaction&quot;:&quot;yes&quot;,&quot;autoplay_speed&quot;:5000,&quot;infinite&quot;:&quot;yes&quot;,&quot;speed&quot;:500}\" data-widget_type=\"image-carousel.default\">\n\t\t\t\t<div class=\"elementor-widget-container\">\n\t\t\t\t\t\t\t<div class=\"elementor-image-carousel-wrapper swiper\" role=\"region\" aria-roledescription=\"carousel\" aria-label=\"Bild Karussell\" dir=\"ltr\">\n\t\t\t<div class=\"elementor-image-carousel swiper-wrapper\" aria-live=\"off\">\n\t\t\t\t\t\t\t\t<div class=\"swiper-slide\" role=\"group\" aria-roledescription=\"slide\" aria-label=\"1 von 11\"><a data-elementor-open-lightbox=\"yes\" data-elementor-lightbox-slideshow=\"a708fea\" data-elementor-lightbox-title=\"TGS012\" data-e-action-hash=\"#elementor-action%3Aaction%3Dlightbox%26settings%3DeyJpZCI6MTQzLCJ1cmwiOiJodHRwczpcL1wvc2NoZWllLmRlXC93cC1jb250ZW50XC91cGxvYWRzXC8yMDE5XC8xMFwvVEdTMDEyLmpwZyIsInNsaWRlc2hvdyI6ImE3MDhmZWEifQ%3D%3D\" href=\"https:\/\/scheie.de\/wp-content\/uploads\/2019\/10\/TGS012.jpg\" rel=\"lightbox-0\" data-rel=\"lightbox-image-0\" data-rl_title=\"\" data-rl_caption=\"\" title=\"\"><figure class=\"swiper-slide-inner\"><img decoding=\"async\" class=\"swiper-slide-image\" src=\"https:\/\/scheie.de\/wp-content\/uploads\/2019\/10\/TGS012-150x150.jpg\" alt=\"TGS012\" \/><\/figure><\/a><\/div><div class=\"swiper-slide\" role=\"group\" aria-roledescription=\"slide\" aria-label=\"2 von 11\"><a data-elementor-open-lightbox=\"yes\" data-elementor-lightbox-slideshow=\"a708fea\" data-elementor-lightbox-title=\"TGS010\" data-e-action-hash=\"#elementor-action%3Aaction%3Dlightbox%26settings%3DeyJpZCI6MTQxLCJ1cmwiOiJodHRwczpcL1wvc2NoZWllLmRlXC93cC1jb250ZW50XC91cGxvYWRzXC8yMDE5XC8xMFwvVEdTMDEwLmpwZyIsInNsaWRlc2hvdyI6ImE3MDhmZWEifQ%3D%3D\" href=\"https:\/\/scheie.de\/wp-content\/uploads\/2019\/10\/TGS010.jpg\" rel=\"lightbox-1\" data-rel=\"lightbox-image-1\" data-rl_title=\"\" data-rl_caption=\"\" title=\"\"><figure class=\"swiper-slide-inner\"><img decoding=\"async\" class=\"swiper-slide-image\" src=\"https:\/\/scheie.de\/wp-content\/uploads\/2019\/10\/TGS010-150x150.jpg\" alt=\"TGS010\" \/><\/figure><\/a><\/div><div class=\"swiper-slide\" role=\"group\" aria-roledescription=\"slide\" aria-label=\"3 von 11\"><a data-elementor-open-lightbox=\"yes\" data-elementor-lightbox-slideshow=\"a708fea\" data-elementor-lightbox-title=\"TGS009\" data-e-action-hash=\"#elementor-action%3Aaction%3Dlightbox%26settings%3DeyJpZCI6MTQwLCJ1cmwiOiJodHRwczpcL1wvc2NoZWllLmRlXC93cC1jb250ZW50XC91cGxvYWRzXC8yMDE5XC8xMFwvVEdTMDA5LmpwZyIsInNsaWRlc2hvdyI6ImE3MDhmZWEifQ%3D%3D\" href=\"https:\/\/scheie.de\/wp-content\/uploads\/2019\/10\/TGS009.jpg\" rel=\"lightbox-2\" data-rel=\"lightbox-image-2\" data-rl_title=\"\" data-rl_caption=\"\" title=\"\"><figure class=\"swiper-slide-inner\"><img decoding=\"async\" class=\"swiper-slide-image\" src=\"https:\/\/scheie.de\/wp-content\/uploads\/2019\/10\/TGS009-150x150.jpg\" alt=\"TGS009\" \/><\/figure><\/a><\/div><div class=\"swiper-slide\" role=\"group\" aria-roledescription=\"slide\" aria-label=\"4 von 11\"><a data-elementor-open-lightbox=\"yes\" data-elementor-lightbox-slideshow=\"a708fea\" data-elementor-lightbox-title=\"TGS008\" data-e-action-hash=\"#elementor-action%3Aaction%3Dlightbox%26settings%3DeyJpZCI6MTM5LCJ1cmwiOiJodHRwczpcL1wvc2NoZWllLmRlXC93cC1jb250ZW50XC91cGxvYWRzXC8yMDE5XC8xMFwvVEdTMDA4LmpwZyIsInNsaWRlc2hvdyI6ImE3MDhmZWEifQ%3D%3D\" href=\"https:\/\/scheie.de\/wp-content\/uploads\/2019\/10\/TGS008.jpg\" rel=\"lightbox-3\" data-rel=\"lightbox-image-3\" data-rl_title=\"\" data-rl_caption=\"\" title=\"\"><figure class=\"swiper-slide-inner\"><img decoding=\"async\" class=\"swiper-slide-image\" src=\"https:\/\/scheie.de\/wp-content\/uploads\/2019\/10\/TGS008-150x150.jpg\" alt=\"TGS008\" \/><\/figure><\/a><\/div><div class=\"swiper-slide\" role=\"group\" aria-roledescription=\"slide\" aria-label=\"5 von 11\"><a data-elementor-open-lightbox=\"yes\" data-elementor-lightbox-slideshow=\"a708fea\" data-elementor-lightbox-title=\"TGS007\" data-e-action-hash=\"#elementor-action%3Aaction%3Dlightbox%26settings%3DeyJpZCI6MTM4LCJ1cmwiOiJodHRwczpcL1wvc2NoZWllLmRlXC93cC1jb250ZW50XC91cGxvYWRzXC8yMDE5XC8xMFwvVEdTMDA3LmpwZyIsInNsaWRlc2hvdyI6ImE3MDhmZWEifQ%3D%3D\" href=\"https:\/\/scheie.de\/wp-content\/uploads\/2019\/10\/TGS007.jpg\" rel=\"lightbox-4\" data-rel=\"lightbox-image-4\" data-rl_title=\"\" data-rl_caption=\"\" title=\"\"><figure class=\"swiper-slide-inner\"><img decoding=\"async\" class=\"swiper-slide-image\" src=\"https:\/\/scheie.de\/wp-content\/uploads\/2019\/10\/TGS007-150x150.jpg\" alt=\"TGS007\" \/><\/figure><\/a><\/div><div class=\"swiper-slide\" role=\"group\" aria-roledescription=\"slide\" aria-label=\"6 von 11\"><a data-elementor-open-lightbox=\"yes\" data-elementor-lightbox-slideshow=\"a708fea\" data-elementor-lightbox-title=\"TGS006\" data-e-action-hash=\"#elementor-action%3Aaction%3Dlightbox%26settings%3DeyJpZCI6MTM3LCJ1cmwiOiJodHRwczpcL1wvc2NoZWllLmRlXC93cC1jb250ZW50XC91cGxvYWRzXC8yMDE5XC8xMFwvVEdTMDA2LmpwZyIsInNsaWRlc2hvdyI6ImE3MDhmZWEifQ%3D%3D\" href=\"https:\/\/scheie.de\/wp-content\/uploads\/2019\/10\/TGS006.jpg\" rel=\"lightbox-5\" data-rel=\"lightbox-image-5\" data-rl_title=\"\" data-rl_caption=\"\" title=\"\"><figure class=\"swiper-slide-inner\"><img decoding=\"async\" class=\"swiper-slide-image\" src=\"https:\/\/scheie.de\/wp-content\/uploads\/2019\/10\/TGS006-150x150.jpg\" alt=\"TGS006\" \/><\/figure><\/a><\/div><div class=\"swiper-slide\" role=\"group\" aria-roledescription=\"slide\" aria-label=\"7 von 11\"><a data-elementor-open-lightbox=\"yes\" data-elementor-lightbox-slideshow=\"a708fea\" data-elementor-lightbox-title=\"TGS005\" data-e-action-hash=\"#elementor-action%3Aaction%3Dlightbox%26settings%3DeyJpZCI6MTM2LCJ1cmwiOiJodHRwczpcL1wvc2NoZWllLmRlXC93cC1jb250ZW50XC91cGxvYWRzXC8yMDE5XC8xMFwvVEdTMDA1LmpwZyIsInNsaWRlc2hvdyI6ImE3MDhmZWEifQ%3D%3D\" href=\"https:\/\/scheie.de\/wp-content\/uploads\/2019\/10\/TGS005.jpg\" rel=\"lightbox-6\" data-rel=\"lightbox-image-6\" data-rl_title=\"\" data-rl_caption=\"\" title=\"\"><figure class=\"swiper-slide-inner\"><img decoding=\"async\" class=\"swiper-slide-image\" src=\"https:\/\/scheie.de\/wp-content\/uploads\/2019\/10\/TGS005-150x150.jpg\" alt=\"TGS005\" \/><\/figure><\/a><\/div><div class=\"swiper-slide\" role=\"group\" aria-roledescription=\"slide\" aria-label=\"8 von 11\"><a data-elementor-open-lightbox=\"yes\" data-elementor-lightbox-slideshow=\"a708fea\" data-elementor-lightbox-title=\"TGS004\" data-e-action-hash=\"#elementor-action%3Aaction%3Dlightbox%26settings%3DeyJpZCI6MTM1LCJ1cmwiOiJodHRwczpcL1wvc2NoZWllLmRlXC93cC1jb250ZW50XC91cGxvYWRzXC8yMDE5XC8xMFwvVEdTMDA0LmpwZyIsInNsaWRlc2hvdyI6ImE3MDhmZWEifQ%3D%3D\" href=\"https:\/\/scheie.de\/wp-content\/uploads\/2019\/10\/TGS004.jpg\" rel=\"lightbox-7\" data-rel=\"lightbox-image-7\" data-rl_title=\"\" data-rl_caption=\"\" title=\"\"><figure class=\"swiper-slide-inner\"><img decoding=\"async\" class=\"swiper-slide-image\" src=\"https:\/\/scheie.de\/wp-content\/uploads\/2019\/10\/TGS004-150x150.jpg\" alt=\"TGS004\" \/><\/figure><\/a><\/div><div class=\"swiper-slide\" role=\"group\" aria-roledescription=\"slide\" aria-label=\"9 von 11\"><a data-elementor-open-lightbox=\"yes\" data-elementor-lightbox-slideshow=\"a708fea\" data-elementor-lightbox-title=\"TGS002\" data-e-action-hash=\"#elementor-action%3Aaction%3Dlightbox%26settings%3DeyJpZCI6MTMzLCJ1cmwiOiJodHRwczpcL1wvc2NoZWllLmRlXC93cC1jb250ZW50XC91cGxvYWRzXC8yMDE5XC8xMFwvVEdTMDAyLmpwZyIsInNsaWRlc2hvdyI6ImE3MDhmZWEifQ%3D%3D\" href=\"https:\/\/scheie.de\/wp-content\/uploads\/2019\/10\/TGS002.jpg\" rel=\"lightbox-8\" data-rel=\"lightbox-image-8\" data-rl_title=\"\" data-rl_caption=\"\" title=\"\"><figure class=\"swiper-slide-inner\"><img decoding=\"async\" class=\"swiper-slide-image\" src=\"https:\/\/scheie.de\/wp-content\/uploads\/2019\/10\/TGS002-150x150.jpg\" alt=\"TGS002\" \/><\/figure><\/a><\/div><div class=\"swiper-slide\" role=\"group\" aria-roledescription=\"slide\" aria-label=\"10 von 11\"><a data-elementor-open-lightbox=\"yes\" data-elementor-lightbox-slideshow=\"a708fea\" data-elementor-lightbox-title=\"TGS003\" data-e-action-hash=\"#elementor-action%3Aaction%3Dlightbox%26settings%3DeyJpZCI6MTM0LCJ1cmwiOiJodHRwczpcL1wvc2NoZWllLmRlXC93cC1jb250ZW50XC91cGxvYWRzXC8yMDE5XC8xMFwvVEdTMDAzLmpwZyIsInNsaWRlc2hvdyI6ImE3MDhmZWEifQ%3D%3D\" href=\"https:\/\/scheie.de\/wp-content\/uploads\/2019\/10\/TGS003.jpg\" rel=\"lightbox-9\" data-rel=\"lightbox-image-9\" data-rl_title=\"\" data-rl_caption=\"\" title=\"\"><figure class=\"swiper-slide-inner\"><img decoding=\"async\" class=\"swiper-slide-image\" src=\"https:\/\/scheie.de\/wp-content\/uploads\/2019\/10\/TGS003-150x150.jpg\" alt=\"TGS003\" \/><\/figure><\/a><\/div><div class=\"swiper-slide\" role=\"group\" aria-roledescription=\"slide\" aria-label=\"11 von 11\"><a data-elementor-open-lightbox=\"yes\" data-elementor-lightbox-slideshow=\"a708fea\" data-elementor-lightbox-title=\"Trachtengruppe Scheie\" data-e-action-hash=\"#elementor-action%3Aaction%3Dlightbox%26settings%3DeyJpZCI6MTMyLCJ1cmwiOiJodHRwczpcL1wvc2NoZWllLmRlXC93cC1jb250ZW50XC91cGxvYWRzXC8yMDE5XC8xMFwvVEdTMDAxLmpwZyIsInNsaWRlc2hvdyI6ImE3MDhmZWEifQ%3D%3D\" href=\"https:\/\/scheie.de\/wp-content\/uploads\/2019\/10\/TGS001.jpg\" rel=\"lightbox-10\" data-rel=\"lightbox-image-10\" data-rl_title=\"\" data-rl_caption=\"\" title=\"\"><figure class=\"swiper-slide-inner\"><img decoding=\"async\" class=\"swiper-slide-image\" src=\"https:\/\/scheie.de\/wp-content\/uploads\/2019\/10\/TGS001-150x150.jpg\" alt=\"Trachtengruppe Scheie\" \/><\/figure><\/a><\/div>\t\t\t<\/div>\n\t\t\t\t\t\t\t\t\t\t\t\t<div class=\"elementor-swiper-button elementor-swiper-button-prev\" role=\"button\" tabindex=\"0\">\n\t\t\t\t\t\t<i aria-hidden=\"true\" class=\"eicon-chevron-left\"><\/i>\t\t\t\t\t<\/div>\n\t\t\t\t\t<div class=\"elementor-swiper-button elementor-swiper-button-next\" role=\"button\" tabindex=\"0\">\n\t\t\t\t\t\t<i aria-hidden=\"true\" class=\"eicon-chevron-right\"><\/i>\t\t\t\t\t<\/div>\n\t\t\t\t\n\t\t\t\t\t\t\t\t\t<div class=\"swiper-pagination\"><\/div>\n\t\t\t\t\t\t\t\t\t<\/div>\n\t\t\t\t\t\t<\/div>\n\t\t\t\t<\/div>\n\t\t\t\t\t<\/div>\n\t\t<\/div>\n\t\t\t\t\t<\/div>\n\t\t<\/section>\n\t\t\t\t<section class=\"elementor-section elementor-top-section elementor-element elementor-element-6344f78 elementor-section-boxed elementor-section-height-default elementor-section-height-default\" data-id=\"6344f78\" data-element_type=\"section\" data-e-type=\"section\">\n\t\t\t\t\t\t<div class=\"elementor-container elementor-column-gap-default\">\n\t\t\t\t\t<div class=\"elementor-column elementor-col-100 elementor-top-column elementor-element elementor-element-ea82ba7\" data-id=\"ea82ba7\" data-element_type=\"column\" data-e-type=\"column\">\n\t\t\t<div class=\"elementor-widget-wrap elementor-element-populated\">\n\t\t\t\t\t\t<div class=\"elementor-element elementor-element-7485abf elementor-widget elementor-widget-text-editor\" data-id=\"7485abf\" data-element_type=\"widget\" data-e-type=\"widget\" data-widget_type=\"text-editor.default\">\n\t\t\t\t<div class=\"elementor-widget-container\">\n\t\t\t\t\t\t\t\t\t<p>Seit 1975 wird das traditionelle Erntefest in Scheie (immer am 3. Wochenende im August ) allein von der Trachtengruppe auf die \u201e Beine\u201c gestellt. Dazu geh\u00f6rt das Binden der Erntekrone und der Erntegirlanden, das Herstellen von Transparenten und Schildern sowie vieles mehr. In den folgenden Jahren wurden die Trachten immer mehr vervollst\u00e4ndigt. Mit Unterst\u00fctzung der ,,\u00c4lteren\u201c wurden viele Trachtenteile original nachgearbeitet sowie alte Trachtenteile restauriert. Heute k\u00f6nnen wir in der ,,vollst\u00e4ndiger\u201c Tracht, ,,einfacher\u201c Tracht und in der Alttagstracht auftreten. Nachdem im Jahr 2001 drei Jugendliche Mitglieder beschlossen hatten, an ihrer Konfirmation in der Originaltracht teilzunehmen, wurde auch die Konfirmationstracht angefertigt. Im Jahr 1992 wurde eine Kindertanzgruppe gegr\u00fcndet, die zur Zeit aus 31 Jugendlichen im Alter von 4 &#8211; 16 Jahren besteht. Auch diese treten in der B\u00fcckeburger Tracht auf. \u00dcbungsabende finden einmal im Monat statt. In den Sommermonaten treffen wir uns dazu auch gerne drau\u00dfen, um im Anschluss noch zu grillen und gem\u00fctlich zusammen zu sitzen.<br \/>Im Laufe der Jahre entstanden engere Kontakte zu anderen Tanzgruppen. So haben wir seit vielen Jahren einen regen Austausch mit der Winzertanz- und Trachtengruppe aus Enkirch, den Trachtengruppen aus Denkendorf\/ Bayern und Sandhorst in Ostfriesland, sowie Kontakte nach England.<br \/>Freude und Spa\u00df stehen bei uns an erster Stelle, deshalb l\u00e4uft nichts streng nach Vorschrift. Gefeiert wird seit Jahren nach dem alten Scheier Erntespruch:<\/p><p><strong>,,Wer Dach f\u00f6r Dach sie\u00b4n Arbat daht\u00a0un j\u00fcmmer up sie\u00b4n Posten staht,<\/strong><br \/><strong>un daht dat frouh und daht dat jirn,\u00a0de schall sick ouk mol am\u00fcsier\u00b4n!\u201c<\/strong><\/p><p>Unter <a href=\"http:\/\/www.scheie.de\">www.scheie.de<\/a> (Rubrik Trachtengruppe) kann jeder sich \u00fcber uns informieren. Es werden dort Fotos vom Erntefest , Weihnachtsfeier und mehr st\u00e4ndig aktualisiert.<\/p><p>Geschrieben anl\u00e4\u00dflich der 950 Jahrfeier von:<br \/>Mark Reinsch (1. Vorsitzender von 02.2005 &#8211; 03.2007)<\/p>\t\t\t\t\t\t\t\t<\/div>\n\t\t\t\t<\/div>\n\t\t\t\t\t<\/div>\n\t\t<\/div>\n\t\t\t\t\t<\/div>\n\t\t<\/section>\n\t\t\t\t<section class=\"elementor-section elementor-top-section elementor-element elementor-element-59f4269 elementor-section-boxed elementor-section-height-default elementor-section-height-default\" data-id=\"59f4269\" data-element_type=\"section\" data-e-type=\"section\">\n\t\t\t\t\t\t<div class=\"elementor-container elementor-column-gap-default\">\n\t\t\t\t\t<div class=\"elementor-column elementor-col-100 elementor-top-column elementor-element elementor-element-8416e74\" data-id=\"8416e74\" data-element_type=\"column\" data-e-type=\"column\">\n\t\t\t<div class=\"elementor-widget-wrap elementor-element-populated\">\n\t\t\t\t\t\t<div class=\"elementor-element elementor-element-f3d5f05 elementor-align-center elementor-widget elementor-widget-button\" data-id=\"f3d5f05\" data-element_type=\"widget\" data-e-type=\"widget\" data-widget_type=\"button.default\">\n\t\t\t\t<div class=\"elementor-widget-container\">\n\t\t\t\t\t\t\t\t\t<div class=\"elementor-button-wrapper\">\n\t\t\t\t\t<a class=\"elementor-button elementor-button-link elementor-size-sm\" href=\"https:\/\/scheie.de\/wp-content\/uploads\/2025\/04\/TGS-Beitrittserklaerung.pdf\" target=\"_blank\">\n\t\t\t\t\t\t<span class=\"elementor-button-content-wrapper\">\n\t\t\t\t\t\t\t\t\t<span class=\"elementor-button-text\">Beitrittserkl\u00e4rung, <br>Lastschrifterkl\u00e4rung, <br>Datenschutzhinweise<\/span>\n\t\t\t\t\t<\/span>\n\t\t\t\t\t<\/a>\n\t\t\t\t<\/div>\n\t\t\t\t\t\t\t\t<\/div>\n\t\t\t\t<\/div>\n\t\t\t\t\t<\/div>\n\t\t<\/div>\n\t\t\t\t\t<\/div>\n\t\t<\/section>\n\t\t\t\t<\/div>\n\t\t","protected":false},"excerpt":{"rendered":"<p>Trachtengruppe von 1974 e.V. Ausschlaggebend f\u00fcr die Gr\u00fcndung der Trachtengruppe war, dass die \u00e4lteren Dorfbewohner kein Interesse mehr hatten, ein&hellip;<\/p>\n","protected":false},"author":1,"featured_media":0,"parent":0,"menu_order":0,"comment_status":"closed","ping_status":"closed","template":"","meta":{"footnotes":""},"class_list":["post-14","page","type-page","status-publish","hentry"],"_links":{"self":[{"href":"https:\/\/scheie.de\/index.php?rest_route=\/wp\/v2\/pages\/14","targetHints":{"allow":["GET"]}}],"collection":[{"href":"https:\/\/scheie.de\/index.php?rest_route=\/wp\/v2\/pages"}],"about":[{"href":"https:\/\/scheie.de\/index.php?rest_route=\/wp\/v2\/types\/page"}],"author":[{"embeddable":true,"href":"https:\/\/scheie.de\/index.php?rest_route=\/wp\/v2\/users\/1"}],"replies":[{"embeddable":true,"href":"https:\/\/scheie.de\/index.php?rest_route=%2Fwp%2Fv2%2Fcomments&post=14"}],"version-history":[{"count":9,"href":"https:\/\/scheie.de\/index.php?rest_route=\/wp\/v2\/pages\/14\/revisions"}],"predecessor-version":[{"id":790,"href":"https:\/\/scheie.de\/index.php?rest_route=\/wp\/v2\/pages\/14\/revisions\/790"}],"wp:attachment":[{"href":"https:\/\/scheie.de\/index.php?rest_route=%2Fwp%2Fv2%2Fmedia&parent=14"}],"curies":[{"name":"wp","href":"https:\/\/api.w.org\/{rel}","templated":true}]}}